e
Let m = 167545 + 225798. Is m composite?
True
Let l be (-10)/6 + (-338)/(-39) + -18. Let o(f) be the third derivative of f**6/120 + 11*f**5/60 - f**4/24 + f**3/3 - f**2. Is o(l) a prime number?
True
Let o(v) = -v**3 + 6*v**2 + v. Let d be o(6). Suppose -d = 5*r - 46. Let a(y) = 52*y + 3. Is a(r) a composite number?
False
Suppose 3*f - 19 - 6 = -2*w, 0 = 5*f - 5*w - 50. Is 3808 - (6/f)/((-10)/15) a prime number?
False
Let k be 4/(-34) + (-14)/(-119). Suppose k = 31*o - 33*o + 15044. Is o composite?
True
Suppose -11*c = -4*c + 14. Let x be (-5637 + c - -1)/2. Let q = x - -5272. Is q composite?
True
Let f(m) = -832*m**3 - 2*m**2 - 2*m + 1. Let j be f(-2). Is j/9 - (-12)/(-54) a composite number?
False
Let r = -325 - -330. Suppose -3*m = -2*q - 239, 2*m + r*q - 357 = -2*m. Is m prime?
True
Let g = 6391 + 31611. Is g composite?
True
Let q = -341391 + 717836. Is q prime?
False
Suppose -11*r + 6*r + 12795 = 0. Suppose r = 5*z - 2*z. Is z a composite number?
False
Let k(s) = -3*s**2. Let l be k(-2). Let a be 4/(-3*((-11)/l)/(-11)). Is 2 + a/(-10) - (-1086)/10 a prime number?
True
Let j be 0/(-2) + -257548 + 3. Let p = j - -143803. Is p/(-102) + 2/(-17) composite?
True
Let l = 81682 + -39253. Is l prime?
False
Let q(x) = -108634*x + 4425. Is q(-8) a composite number?
False
Suppose 8*l - 11*l + 88 = -i, -5*i = 4*l + 459. Suppose -404 = -4*y + h + 785, 4*y + 5*h = 1159. Let k = y + i. Is k a prime number?
False
Suppose -16*a - 2*a + 29160 + 49554 = 0. Is a prime?
True
Is 6/(-33)*(-415148239)/158 composite?
False
Let c = -35788 - -14824. Is (-4 + 3)/(-1 + c/(-20966)) a composite number?
True
Suppose 0 = -4*t - t + 4*x - 42, -5*t = -3*x + 39. Let k(c) = -c**3 - 7*c**2 - 6*c + 3. Let u be k(t). Is u + 7318/3 - (-2)/3 prime?
False
Let v = -22823 + 71002. Is v a composite number?
False
Suppose -5*d + 8 = 23. Let w be 1652 - (d*4/(-3) + -2). Suppose -4*f + w + 5042 = 0. Is f a prime number?
False
Let f(x) = 9*x - 70. Let n be f(10). Suppose 0 = -4*j - 4*o + 181748, -19*o + n*o = 5*j - 227197. Is j a prime number?
True
Let y = -9 - -14. Suppose 2*d = d - f + 322, -y = f. Suppose 0 = 4*k + 2*u + 19 - 283, 5*k - d = -4*u. Is k a composite number?
False
Suppose 529*s - 534*s = -2885. Suppose 3*i - s = u, -7 = -4*u - 23. Is i prime?
True
Suppose -2*j + 145 = -3. Let p = -49 + j. Let o(m) = m**2 + 2*m - 1. Is o(p) composite?
True
Suppose -82 = -4*d + 46. Let r = 33 - d. Is (847 - 6)*(r - 0/(-2)) a prime number?
False
Suppose -22 = -6*f + 3*f - k, 0 = -3*k - 6. Let p(v) = -164*v - 20. Let q be p(f). Let h = 269 - q. Is h composite?
False
Suppose -55858878 = -90*a - 154*a + 21311734. Is a prime?
False
Let h(p) = 5*p**2 - 15*p - 31. Let a be h(-2). Suppose -a*o = -62662 - 90459. Is o prime?
True
Let q(v) = 15*v**2 + 2*v + 8. Let m(h) = -h**3 + 15*h**2 - 12*h + 14. Let p be m(14). Suppose -18 + p = 8*a. Is q(a) a composite number?
False
Let r(n) = 82*n**2 - 58*n - 851. Is r(-20) a composite number?
True
Let y = 54 - 49. Suppose -4*r = -4*z + 20, -2*r + y - 1 = 5*z. Suppose -4*x + 6*c + 488 = 2*c, z*c + 498 = 4*x. Is x a composite number?
False
Let k(z) = 133*z**2 + 5*z - 4. Let m be k(3). Let j = 282 + m. Suppose 5*f + j = 10*f. Is f composite?
True
Let r(x) = 24420*x - 1271. Is r(10) a prime number?
False
Let c(j) be the first derivative of -11*j**3/3 + 8254*j + 37. Is c(0) a prime number?
False
Suppose k + 13910 + 117489 = 3*a, -a + 2*k = -43793. Is a a prime number?
True
Let c = 133 + -80. Suppose -c*d + 51*d = -3926. Is d a prime number?
False
Suppose 0 = -6*u + 20 - 2. Suppose 4*o + 2*l - 6*l = 16, -u*l - 6 = 0. Is 0*(-1)/4 + (1363 - o) composite?
False
Let t(c) = 242*c**2 - 3*c + 5. Suppose 3*l = -4 - 2, -b - 4*l - 4 = 0. Suppose 5*w - 18 = o + 3*o, 12 = b*w - 2*o. Is t(w) a composite number?
False
Let o = -17782 + 40638. Suppose 9*f - 8*f = -4, -4*b + 3*f = -o. Is b composite?
False
Let v(l) = -4*l**3 + l**2 - l + 9. Let h be v(7). Let i(w) = 417*w - 5. Let q be i(-2). Let t = q - h. Is t prime?
False
Suppose -905388 = 2*a - 3*a + d, -d = -3*a + 2716150. Is a a composite number?
False
Suppose 0 = -15*a + 6*a + 63. Suppose 7 = 8*c - 33. Suppose a*w - 1758 = c*w. Is w composite?
True
Suppose 0 = 3*f + f - 16. Suppose 3*t = -2*k + 1101 - 3855, 0 = f*t - 4*k + 3692. Let o = t - -1821. Is o prime?
False
Suppose 35*a - 3073120 + 2808495 = 4850310. Is a composite?
False
Let p(d) be the second derivative of d**4/4 - d**3 + d**2 + 3*d. Let b be p(2). Suppose 2*i + b*i - 316 = 0. Is i a prime number?
True
Suppose 11*o + 8 = 41. Suppose -o*a = -352 - 2333. Is a a prime number?
False
Let b be -8*(12/48 + 6/(-8)). Let m(s) = 41*s**2 + 6*s + 11. Is m(b) a composite number?
False
Suppose 54 = -29*d + 2*d. Is 32721*((-56)/(-24) + d) prime?
False
Suppose -2*a - 50 = -4*q, 6*a - 5*a + 3*q + 40 = 0. Let m = 38 + a. Suppose -12*l + 5275 = -m*l. Is l prime?
False
Suppose 31*c - 6*c - 625 = 0. Suppose 0 = -18*v + c*v - 49. Is v a prime number?
True
Is (-3874872)/8*-1 + 5 + -5 a prime number?
False
Suppose 53*l - 67*l = -686257 - 2662389. Is l a prime number?
False
Suppose 2*z - 4 = 0, 3*x = 4*z - 2*z - 4735. Suppose 23391 + 8361 = -14*v. Let c = x - v. Is c a prime number?
True
Suppose m + 49325 = 3*o, -5*m + 6 = 31. Let y = o - 7939. Is y composite?
False
Let k = -22020 + 37003. Is k a prime number?
True
Suppose 0 = 2*r + t - 2*t + 25, t - 58 = 5*r. Is (-10 - r)/(3*3/10431) a composite number?
True
Suppose t - 12 = 2*l, -4*t - 4*l = -0*l. Suppose -14419 = -2*u - i, -t*u + 21616 = -u - i. Is u a prime number?
True
Let d(i) = -i**3 + 20*i**2 + 21*i + 3. Let t be d(21). Suppose -q - 3*q + 1631 = 3*j, t*j + 5*q - 1633 = 0. Is j a prime number?
True
Let y = -103115 - -253504. Is y prime?
False
Suppose -3*w = -12, 228*n - w - 54018 = 226*n. Is n a prime number?
True
Let s(z) = 224*z**2 - 11*z + 11. Suppose 8 - 56 = -8*g. Is s(g) a prime number?
True
Suppose 5*o + 84 = 99. Suppose j = 2 + o, 5*v - 5*j - 22890 = 0. Is v prime?
True
Let x(k) = -6*k - 11 + 4 - 10 + 2. Let w be x(-3). Is 1216 + (60/(-4))/w a composite number?
True
Let i be (34 - 25) + (1 - 4/2). Suppose 0 = 3*z - z + i, 0 = 3*p + z - 2579. Suppose 5*u = 184 + p. Is u a prime number?
False
Let z = -122142 - -311329. Is z a prime number?
True
Let q(j) = -561*j - 3. Let x be q(-3). Suppose 3*k = -x - 249. Let n = -432 - k. Is n prime?
True
Let f = 235939 + -116972. Is f prime?
True
Let i(r) = 2*r + 834*r**3 + 805*r**3 + 2*r**2 + 785*r**3 - 3*r. Let s be i(1). Suppose 2*q + 2*q - 970 = -2*y, 5*y = 5*q + s. Is y a prime number?
False
Let v(m) = -m**3 - m**2 + 8*m + 4. Let r be v(-4). Suppose -4*i = 4*w + 68, 2*i + r = 4*w - 20. Is (-61906)/i + -6 - 4/18 prime?
True
Suppose -6*o + 5*o + 39659 = 0. Is o a composite number?
False
Let r = -176 - -179. Suppose r*i - n - 5847 = 4268, -5*n = 3*i - 10103. Is i prime?
True
Suppose 62 = -18*h + 20*h. Let x = -70 + h. Is (-2860)/x + 2/3 composite?
True
Let g(l) = 108222*l**2 - 10*l. Let i be g(-1). Suppose q = 6*q + k - i, 0 = -4*q + 3*k + 86597. Is q prime?
True
Suppose 3*b + 0*b = -4*b + 450191. Is b composite?
True
Suppose -108*f + 16*f + 213279717 = -5*f. Is f a composite number?
True
Let m = 1947139 + -1277082. Is m prime?
False
Suppose -835*q + 830*q = -15. Suppose 0*s = -3*g - q*s + 27015, -g + s + 9005 = 0. Is g a composite number?
True
Let r(w) = 7*w - 1. Let o(p) = 9*p - 1. Let a be o(-2). Let x be r(a). Let j = 1053 - x. Is j a prime number?
True
Let g(o) = 5112*o**3 - 4*o**2 + 61*o - 118. Is g(3) a composite number?
False
Suppose 97630 = 5*i + 5*x, -x = 5*i - 2166 - 95484. Is i composite?
False
Let f(x) = 117 + 76 - 27*x + 19*x**2 - 58 + 2*x. Is f(8) a composite number?
False
Let i(y) = 9*y + 13. Let r be i(-1). Suppose -2*p + 13378 = k, 3*k - 17783 = -r*p + 8969. Is p a prime number?
True
Let x(w) = 4*w**2 + 9*w + 2. Let v be x(-3). Suppose 0 = -v*s + 74180 - 22381. Is s prime?
False
Suppose -2*b + 5*k + 895899 = 0, -3*b + 5*k + 708481 = -635380. Suppose 47*l - b - 192225 = 0. Is l prime?
False
Suppose 22*o + 2 = 25*o + 2*j, -3*o + 4*j + 14 = 0. Suppose a - 15848 = 5*v, -4*a + o*v = -48467 - 14979. Is a a composite number?
True
Let q be (550176/(-64))/((-2)/8). Suppose -15*g + 26*g + q = 0. Let b = 5255 + g. Is b prime?
True
Let b(u) = -8*u**3 + 9*u**2 + 6. Let g be b(-3). 